e l(-7).
110
Let n(u) = -8*u**2 - 4*u + 2. Determine n(1).
-10
Let w(z) = -z + 16. Determine w(16).
0
Let x(t) = -5*t**3 - t**2 + t + 1. Calculate x(-1).
4
Let u(d) = d**2 + d - 2. Give u(2).
4
Let g(l) = -3*l + 43. Calculate g(0).
43
Let a(j) = j**3 - 2*j**2 - 6*j + 1. Give a(4).
9
Let f(v) = -3*v**3 + 13*v**2 - 2*v - 4. Calculate f(4).
4
Let u(a) = -a**3 + 16*a**2 + 107*a - 49. Calculate u(21).
-7
Let v(i) = i - 38. What is v(16)?
-22
Let u(v) = 3*v**3 - 3*v + 3. Determine u(2).
21
Let l(r) = -r**2 + 8*r + 5. Give l(6).
17
Let q(b) = 8*b + 1. Calculate q(1).
9
Let t(b) = 2*b + 13. Calculate t(-10).
-7
Let j(s) = -13*s - 85. What is j(-6)?
-7
Let z(u) = -u**2 - 3*u - 1. Give z(-1).
1
Let j(m) = -m**3 - 29*m**2 + 32*m + 53. Calculate j(-30).
-7
Let o(i) = i**2 + 26*i + 86. Determine o(-4).
-2
Let j(o) = -o**3 + 6*o**2 - 4*o + 47. Calculate j(6).
23
Let t(l) = -15*l + 11. What is t(3)?
-34
Let w(b) = -b**2 - 2. Determine w(2).
-6
Let g(y) = y**3 + 29*y**2 - 3*y - 110. Give g(-29).
-23
Let z(n) = -21*n**3. What is z(-1)?
21
Let o(v) = v**3 - 77. Determine o(0).
-77
Let m(n) = -117*n - 3. Determine m(1).
-120
Let f(v) = 11*v**3 + 2*v**2 - v - 4. Determine f(-2).
-82
Let u(l) = l**2 - 5*l - 4. What is u(7)?
10
Let v(d) = d**3 + 2*d**2 - 5*d + 1. Give v(2).
7
Let j(t) = t**3 + 21*t**2 - 48*t - 44. Calculate j(-23).
2
Let c(k) = -31*k + 3. What is c(-1)?
34
Let y(k) = -2*k**2 + 3*k. What is y(5)?
-35
Let z(c) = -7*c + 91. Determine z(12).
7
Let h(i) = 5*i - 56. Give h(11).
-1
Let n(k) = 3*k - 1. Determine n(-6).
-19
Let b(y) = y**2 - 12*y - 17. What is b(13)?
-4
Let r(t) = t**3 + 9*t**2 - 3. What is r(-9)?
-3
Let q(a) = -a. Calculate q(0).
0
Let n(x) = 7*x - 39. What is n(8)?
17
Let n(b) = 16*b - 1. Determine n(-1).
-17
Let c(r) = r**2 - 10*r - 4. Determine c(10).
-4
Let c(d) = -8*d**2 + 6*d - 9. Give c(3).
-63
Let a(z) = -z + 17. What is a(26)?
-9
Let l(j) = -16*j + 1. What is l(4)?
-63
Let m(v) = v**2 - 12*v + 2. Determine m(6).
-34
Let r(y) = -y + 15. Give r(8).
7
Let a(o) = -o**2 + 8*o + 27. Calculate a(11).
-6
Let s(u) = 3*u + 24. What is s(-11)?
-9
Let g(r) = -r**2 + 9*r + 13. Determine g(10).
3
Let y(v) = 3*v - 4. What is y(-2)?
-10
Let b(g) = -3*g - 11. Calculate b(-5).
4
Let s(v) = -v**2 - 6*v + 16. Determine s(-9).
-11
Let m(n) = 2*n**2 - 6*n + 3. Determine m(4).
11
Let k(a) = a**2 - 2*a. What is k(2)?
0
Let g(x) = x**3 - 8*x**2 - 3*x - 48. What is g(9)?
6
Let a(u) = u**3 + 8*u**2 + 81. Calculate a(-9).
0
Let w(z) = 4*z + 55. Calculate w(-16).
-9
Let a(w) = w**3 - w + 1. Give a(1).
1
Let n(d) = 38*d + 6. What is n(-2)?
-70
Let u(o) = 13*o + 61. Calculate u(-3).
22
Let t(z) = -6*z + 174. Determine t(32).
-18
Let l(o) = o**3 - o - 1. Give l(0).
-1
Let d(b) = -b - 16. Determine d(-7).
-9
Let b(l) = -l**3 + 12*l**2 - 21*l + 12. Give b(8).
100
Let d(c) = 10*c + 26. Calculate d(-3).
-4
Let n(f) = -f**2 - 2*f + 13. Give n(-4).
5
Let u(a) = 2*a + 14. Determine u(-5).
4
Let h(j) = -j**2 + 6*j - 1. Calculate h(4).
7
Let f(g) = 2*g**2 - 131*g + 433. What is f(62)?
-1
Let c(j) = -j**3 - 5*j**2 - 5*j - 1. Calculate c(-5).
24
Let k(y) = y**2 - 14*y + 7. What is k(18)?
79
Let j(u) = u**3 - 3*u**2 + u - 5. Calculate j(3).
-2
Let f(d) = -11*d - 4. Calculate f(-3).
29
Let t(g) = g**2 + 23*g + 25. What is t(-22)?
3
Let w(v) = -v**2 - 6*v - 1. Calculate w(-4).
7
Let b(v) = -53*v + 6. Give b(1).
-47
Let y(i) = -12*i + 133. Give y(18).
-83
Let d(k) = -k**2 + 8*k + 11. Determine d(-2).
-9
Let i(a) = 9*a - 2. What is i(-3)?
-29
Let c(l) = 17*l + 6. Calculate c(-1).
-11
Let d(p) = -p**2 + 23*p + 2. What is d(23)?
2
Let a(o) = o**3 + 3*o**2 - 11*o - 5. Calculate a(-4).
23
Let n(v) = 2*v**2 + 17*v + 14. What is n(-7)?
-7
Let l(s) = -s + 12. Determine l(7).
5
Let x(a) = 41*a + 1. Give x(-1).
-40
Let o(g) = g**2 - 11*g - 10. Determine o(-1).
2
Let q(z) = -z**3 + 5*z**2 + 13*z + 4. Give q(7).
-3
Let u(n) = -5*n**2 - 48*n - 74. What is u(-2)?
2
Let d(m) = -2*m**3 + 26*m**2 + 4*m - 18. Calculate d(13).
34
Let w(u) = -u**2 + 36*u + 74. What is w(38)?
-2
Let h(k) = -2*k**2 + 20*k + 4. Determine h(10).
4
Let p(n) = 2*n**2 + 2*n + 4. Determine p(-5).
44
Let h(m) = -14*m + 2. Calculate h(1).
-12
Let g(w) = w**3 - 32*w**2 + 33*w - 57. What is g(31)?
5
Let t(b) = b**2 + 5*b + 1. Calculate t(-5).
1
Let h(l) = -3*l - 68. Determine h(-22).
-2
Let s(g) = g**2 + 3*g - 4. Calculate s(-6).
14
Let t(v) = -v**2 - 10*v - 14. What is t(-9)?
-5
Let s(g) = 7*g + 39. What is s(-8)?
-17
Let f(a) = 5*a - 62. Calculate f(14).
8
Let z(t) = -2*t**3 - 11*t**2 - t + 6. Give z(-5).
-14
Let l(g) = g**2 + 48*g + 148. Calculate l(-45).
13
Let y(f) = -7*f + 155. Give y(23).
-6
Let r(s) = -4*s**2 - 4*s. Determine r(-3).
-24
Let u(q) = -q + 9. Calculate u(7).
2
Let p(o) = -o**2 - 23*o - 19. What is p(-23)?
-19
Let u(g) = g**2 + 13*g + 33. Determine u(-8).
-7
Let v(h) = -h**3 + 5*h**2 + 3*h - 8. Determine v(3).
19
Let d(c) = -63*c + 297. Determine d(5).
-18
Let y(w) = 2*w**3 + 14*w**2 + 2*w + 8. Give y(-7).
-6
Let n(b) = b**3 - 16*b**2 + 17*b - 21. Give n(15).
9
Let m(c) = c**3 - 3*c**2 + 10*c + 1. Give m(6).
169
Let s(d) = d + 4. Determine s(-3).
1
Let u(d) = d**2 + 50*d + 318. What is u(-43)?
17
Let k(h) = 10*h**3 + 2*h - 2. Give k(1).
10
Let d(v) = v + 7. Determine d(-11).
-4
Let k(g) = -16*g + 15. Calculate k(5).
-65
Let t(g) = -g**3 + 23*g**2 - g + 18. Give t(23).
-5
Let q(c) = c**2 - 5*c + 4. What is q(-9)?
130
Let p(u) = 4*u + 17. What is p(10)?
57
Let f(b) = -b**3 - 23*b**2 - 6. Calculate f(-23).
-6
Let t(m) = 2*m + 4. Calculate t(-5).
-6
Let d(l) = -l**3 + 3*l**2 - 5*l + 4. Determine d(3).
-11
Let a(h) = -h**2 + h - 3. Give a(3).
-9
Let u(p) = -p**2 - 23*p - 86. Determine u(-19).
-10
Let o(j) = -j - 49. What is o(-22)?
-27
Let l(i) = 16*i**2 - 8*i + 16. Determine l(3).
136
Let l(s) = -s**3 - 23*s**2 + 51*s + 35. What is l(-25)?
10
Let l(d) = 3*d**3 + d**2 - d - 1. Determine l(-1).
-2
Let b(w) = 3*w + 6. Calculate b(3).
15
Let t(x) = -2*x**2 + 62*x + 65. What is t(32)?
1
Let v(h) = -34*h - 3. What is v(0)?
-3
Let h(d) = d**3 - 11*d**2 + 3*d - 2. What is h(11)?
31
Let v(s) = -s**3 - 9*s**2 - 22*s - 15. Determine v(-5).
-5
Let t(n) = -n**2 + 14*n - 3. What is t(15)?
-18
Let u(p) = p**2 + 10*p + 12. What is u(-9)?
3
Let l(p) = -p**2 + 3*p - 2. What is l(5)?
-12
Let o(n) = n**3 + n**2 - n - 1. Determine o(2).
9
Let q(c) = 22*c - 13. Calculate q(1).
9
Let k(d) = -41*d + 274. Calculate k(7).
-13
Let t(l) = l**3 + 4*l**2 - l + 6. Determine t(0).
6
Let u(j) = j**2 + 7*j - 328. What is u(15)?
2
Let z(i) = 6*i**3 + 31*i**2 + 9*i + 24. Calculate z(-5).
4
Let o(p) = 3*p - 3. Give o(5).
12
Let b(g) = g**2 - 8*g - 27. What is b(11)?
6
Let m(t) = t**2 + 14*t + 9. What is m(-11)?
-24
Let h(j) = j**3 + 11*j**2 + 7*j - 23. Determine h(-10).
7
Let d(v) = -v**2 + 10*v - 6. Determine d(4).
18
Let u(n) = 5*n - 106. Determine u(20).
-6
Let d(t) = 4*t - 1. Calculate d(1).
3
Let p(o) = o**3 + 5*o**2 - o + 4. Calculate p(-5).
9
Let c(t) = -t**2 + 4*t - 8. Calculate c(5).
-13
Let u(h) = -h**3 - 2*h**2 + 4*h + 3. Calculate u(3).
-30
Let n(h) = -h**2 - 3*h + 4. Give n(3).
-14
Let z(x) = -3*x - 43. Determine z(-19).
14
Let w(c) = 2*c**3 + 7*c**2 + c - 4. Calculate w(-5).
-84
Let m(z) = -z**3 - 3*z**2 - 2*z - 1. Determine m(-4).
23
Let l(c) = 15*c + 72. Calculate l(-4).
12
Let g(n) = -n**2 + 6*n - 15. Determine g(7).
-22
Let s(h) = -8*h**2 + 30*h - 4. What is s(4)?
-12
Let c(z) = -23*z + 6. Calculate c(-4).
98
Let m(i) = -2*i**3 - 3*i**2 - 9*i - 7. Give m(-3).
47
Let d(z) = z**3 + 30*z**2 + 54*z - 32. Determine d(-28).
24
Let b(v) = v + 5. Give b(-13).
-8
Let y(s) = -s**3 - 14*s**2 - 15*s - 25. Give y(-13).
1
Let d(s) = 69*s + 697. Determine d(-10).
7
Let o(s) = s**3 + 12*s**2 - s - 17. Give o(-12).
-5
Let c(i) = i**2 - i + 3. Determine c(4).
15
Let i(m) = -3*m**2 + 4*m - 3. What is i(4)?
-35
Let d(w) = w**3 - 7*w**2 + 4*w + 3. Give d(7).
31
Let d(a) = a**2 + a - 4. What is d(-5)?
16
Let i(b) = -b**3 - 9*b**2 - 14*b - 33. What is i(-7)?
-33
Let f(i) = 2*i**3 + 4*i**2 + 2*i - 2. Calculate f(-2).
-6
Let x(v) = 8*v**2 + 2*v - 2. Give x(1).
8
Let o(p) = p**2 + 27*p + 63. Give o(-25).
13
Let b(x) = -x**3 + 12. Calculate b(0).
12
Let n(h) = h**3 + 3*h**2 + 2*h + 6. Calculate n(-4).
-18
Let y(m) = m. What is y(-5)?
-5
Let f(t) = -